d by p?
0
Let b = -6897 - -7015. Calculate the remainder when 275 is divided by b.
39
Let i(k) = 42*k**2 - 1504*k - 25. Calculate the remainder when 1053 is divided by i(36).
1
Let c = -154 + 156. Suppose h - 79 = 4*p, -c*h - 6*p + 2*p + 134 = 0. What is the remainder when h is divided by 21?
8
Suppose 4*l + z = 6*z + 246, 2*z = 4*l - 216. Let w(i) = 5*i**2 - 2*i - 9. Calculate the remainder when w(-6) is divided by l.
36
Suppose 630 = -3*v - 123. Let s = v + 285. Calculate the remainder when 125 is divided by s.
23
Let p = 405 - 251. Let i(t) = t**2 + 1. Let q be i(-2). Suppose q*k - 26 = p. What is the remainder when 104 is divided by k?
32
Suppose -2*h + 15 + 25 = 0. Let j be (-9)/(-12) + (-9)/12. Suppose j = 4*o + o - 35. Calculate the remainder when h is divided by o.
6
Suppose 0 = -2*o + 2*b + 848 + 178, 0 = -4*o + 2*b + 2046. Let m = -249 + o. What is the remainder when m is divided by 33?
30
Let x(k) = 10*k**3 - 7*k**2 - 36*k - 53. What is the remainder when x(9) is divided by 16?
10
Suppose 0 = -429*w - 53*w + 19762. Let r(t) = 11*t**2 + 3*t - 2. Calculate the remainder when r(-4) is divided by w.
39
Let y = 22884 + -22825. What is the remainder when 672 is divided by y?
23
Suppose 0 = 3*a + 4*s - 1, -5*a + a + 33 = -s. Let k(o) = 3 + 0 + 2 - 2*o - 2. Calculate the remainder when k(-4) is divided by a.
4
Suppose -64*w + 616 = -57*w. Let i = w - 70. What is the remainder when 69 is divided by i?
15
Let c = -42 - -57. Suppose m + 5 = t, -3*m = 3*t - 0*t - c. Suppose 31 = j - 3*p, 4*p + m*p = -j + 10. Calculate the remainder when 43 is divided by j.
21
Let h = 1932 - 1879. Calculate the remainder when 1164 is divided by h.
51
Let d(q) = 2*q**2 - 10*q - 14. What is the remainder when d(28) is divided by 315?
14
Let i(c) = -10 + 10*c + 0 - 3 + 6*c - 2. What is the remainder when 115 is divided by i(5)?
50
Let o be (12/(-15))/(3/(-135)). Let b be (-9)/6 - o/(-8). Suppose -a + 4*m - 14 = -m, -5*a = -b*m - 18. What is the remainder when 8 is divided by a?
2
Calculate the remainder when 64/(-3)*(373221/(-36))/23 is divided by 17.
11
What is the remainder when (-458)/(-8) + (-7)/(-4) - (0 + 2) is divided by (-2 + -13)*1*-1?
12
Calculate the remainder when 772 + 30*5/(-10)*9/27 is divided by 25.
17
Let b(d) = d**3 - d**2 + 6*d - 10. Let a be b(2). Let r(z) = -z**3 + 7*z**2 - 2*z + 8. Calculate the remainder when 157 is divided by r(a).
29
Let r(m) = m**3 - 39*m**2 - 40*m + 363. What is the remainder when 1314 is divided by r(40)?
225
Suppose 16 = 5*h + v, h + v + 14 = 6*h. Suppose -q + h = -12. What is the remainder when 2/(-8) + 5175/92 is divided by q?
11
What is the remainder when 45 is divided by ((-3)/(-12))/((-3)/(-7 - 269))?
22
Let k be (-2)/(0/(-1) + -2). Suppose 69*s - 42*s - 459 = 0. Calculate the remainder when ((4 - k) + 0)*11 is divided by s.
16
Calculate the remainder when 1766 is divided by 1250 - 1249 - (1 - 61*1).
58
Suppose 3*z - 359 + 50 = 0. Suppose 1 = 2*l + z. Let r = l + 71. What is the remainder when 79 is divided by r?
19
Let d = 27271 - 27240. Suppose -a + 2*a = 19. What is the remainder when d is divided by a?
12
Let m(b) = -b**3 + 4*b**2 + b + 21. Let u(s) = s**2 - 2*s. Let k(g) = m(g) - 6*u(g). What is the remainder when (-2)/(-2 - 242/(-122)) is divided by k(-5)?
29
Let p(l) = l**3 - 13*l**2 - 8*l - 71. Suppose -197 + 1600 = 23*a. What is the remainder when a is divided by p(14)?
9
Let k = 645 - 343. Suppose 4*a = 3*u - u + k, -5*a + 2*u = -376. Suppose 0 = -g - 5*p + 46, 2*g - 4*g + 4*p = -50. What is the remainder when a is divided by g?
12
Suppose 42*b - 13000 = -58*b. Calculate the remainder when 261 is divided by b.
1
Let s = -179 + 182. Suppose 5*x - z = 261, -39 = s*x - z - 194. Calculate the remainder when x is divided by 22.
9
Suppose 4*h - 1232 = -5*d, -d + 2*h + 1022 = 3*d. What is the remainder when 413 is divided by d?
161
Suppose 3*j + 1602 = 4*w, -1149 = -3*w - 0*j + 11*j. What is the remainder when w is divided by 232?
173
Suppose -r = 21*b - 17*b - 400, -3*b = r - 301. What is the remainder when b is divided by 12?
3
Let g = 4072 + -3802. What is the remainder when g is divided by 260?
10
Let z(h) = -h**2 + 139*h + 615. What is the remainder when 270 is divided by z(-4)?
12
Suppose 5*w - 12 = 11*j - 161, 0 = 5*j + 5*w - 155. Let p = -551 + 947. Calculate the remainder when p is divided by j.
16
Let z(u) be the third derivative of -1/10*u**5 - 1/8*u**4 + 11*u**2 - 1/60*u**6 + 0*u - 5/6*u**3 + 0. Calculate the remainder when 154 is divided by z(-4).
37
Suppose -5*j + 2*i + 8517 = 0, -31*j + 32*j = -5*i + 1752. Calculate the remainder when j is divided by 6.
3
Let l be -5 + (-2 - (2 + -587)). Let h be (l/(-153) - 2/9) + 7. Calculate the remainder when 3 is divided by h/((-7 + 1)/(-6)).
0
Let t = -625 + 624. What is the remainder when 172 + (3 - -5)*t is divided by 14?
10
Let y(f) = -11*f - 336. Let z be y(-28). Let a(p) = 2*p + 99. Calculate the remainder when 214 is divided by a(z).
42
Let h(s) = 55*s + 1663. Calculate the remainder when 682 is divided by h(-24).
339
Let s(o) = -8*o + 103. Calculate the remainder when s(-22) is divided by 94.
91
Let d = 17 - 12. Suppose 0 = 2*f - 5*c - 64, f + 0*f - 32 = d*c. Suppose 2*b - 22 = -12. What is the remainder when f is divided by b?
2
Let d(a) = -2*a**3 + 14*a**2 + 91*a + 12. What is the remainder when 2039 is divided by d(-5)?
155
Let x(j) = -j**2 + 5*j + 5. Let m be x(5). Suppose -105 - 20 = -m*v. Calculate the remainder when 74 is divided by v.
24
Suppose 7*w = 5 + 30. Suppose 5 = u, -5*l + 10*l + u = w. Suppose l = -10*o + 14*o - 96. What is the remainder when o is divided by 5?
4
Let d(r) = r - 1 - 4*r + 3*r**2 - 5. Suppose -2*a = u - 25, 4*a + 68*u = 71*u + 95. Calculate the remainder when d(-5) is divided by a.
16
Let p(a) = a**2 - 16*a + 6. Let x be p(16). Suppose 4 = -0*j + j. What is the remainder when 9 + 4 - ((x - 1) + -3) is divided by j?
3
Let g be (16/15 + (-4)/10)*348. Let r = g + -176. What is the remainder when 222 is divided by r?
54
Suppose -237*n - 110*n = -13*n - 1670. Suppose 2*q - 68 = -5*g + 27, -4*q = 3*g - 71. Calculate the remainder when g is divided by n.
2
Let l = -3746 - -3869. Calculate the remainder when 2456 is divided by l.
119
Let l(p) = 8*p**2 + 34*p + 319. Calculate the remainder when l(-25) is divided by 52.
49
Suppose 0 = -5*s + 5*h + 1140, 3*h - 20 = -4*s + 906. Let z be ((-1392)/(-8) - 8)/(-1). Calculate the remainder when s is divided by ((-249)/z)/(2/28).
20
Let p = 11 + 2. Let m(z) be the second derivative of -z**5/20 - 4*z**4/3 - z**3/6 + 33*z**2/2 + 66*z. Calculate the remainder when m(-16) is divided by p.
10
Let g(h) = -92 + 7*h + 179 - 19*h. What is the remainder when 32 is divided by g(6)?
2
Let n(g) = -9 + 3*g**2 + 50*g**3 - g**2 + 92*g + 7*g**2 - 9*g - 51*g**3. Calculate the remainder when n(-7) is divided by 14.
12
Let n = 95 - 66. Let v = 28 - n. Calculate the remainder when 22 is divided by (1/v)/(14/(-84)).
4
Let w(m) = m**3 + 82*m**2 - 2*m - 146. What is the remainder when 462 is divided by w(-82)?
12
Suppose 3*o + 13*c - 748 = 14*c, 0 = 4*o - c - 998. Calculate the remainder when o is divided by 106.
38
Let y = -49 - -52. Suppose -2*v - 5*f - 26 = 0, -2*v - y = 2*f + 35. Let u = 13 - v. What is the remainder when 71 is divided by u?
35
Let t(n) = -2*n + 35. Let o be ((-12)/(-6))/((-8)/(-12)). What is the remainder when 56 is divided by t(o)?
27
Let u be -4*((-26)/169 + 9/(-26)). Suppose -u*l - l = -5*w + 34, -5*w + 30 = -5*l. Calculate the remainder when 20 is divided by (2 - 0)*2*14/w.
6
Let u(o) = 8*o + 91. Let f be (-23 - -16) + 3/(-1). What is the remainder when 53 is divided by u(f)?
9
Let g(k) = 19*k - 633. Calculate the remainder when 1295 is divided by g(35).
15
Let t = 288 + -201. Let j(u) = -20*u**2 + 103*u + 50. Calculate the remainder when t is divided by j(5).
22
Suppose 0 = 8*f - 3*f + 30, 3*n + 2*f = 9153. What is the remainder when n is divided by 34?
29
Let z(o) = o**3 - 39*o**2 + 108*o + 12. Let y be z(36). Suppose 35*n - y*n - 2208 = 0. Calculate the remainder when n is divided by 50.
46
Suppose r - 19 = 4*h, -2*h = 512*r - 511*r - 25. What is the remainder when 582 is divided by r?
7
Let z = 23978 - 23970. What is the remainder when 455 is divided by z?
7
Suppose -10773 = -